 factors of s(-2)?
2, 23
Let f(j) = -4*j - 3. Let o(n) = 11*n + 9. Let b(k) = 8*f(k) + 3*o(k). List the prime factors of b(3).
2, 3
Let y(f) = -f - 4. Let t be y(-3). Let n(b) = -2*b + 1. List the prime factors of n(t).
3
Let h(g) = 2*g**2 + 5*g - 19. What are the prime factors of h(6)?
83
Let l = 151 + -58. List the prime factors of l.
3, 31
Suppose 3*w - 4 - 5 = 0. List the prime factors of w/(-15) - (-162)/10.
2
Suppose 4*v = 74 - 2. What are the prime factors of v?
2, 3
Suppose -3*z + 305 = 2*l, 58 = -z + l + 158. What are the prime factors of z?
101
Let h be (-3)/9*-3 - -77. List the prime factors of 4/16 - h/(-8).
2, 5
Let o = 4 - -2. Suppose -9 = -3*v - i - i, -5*i - o = -2*v. What are the prime factors of v?
3
Let j(m) = -m**3 + 7*m**2 + 7*m + 3. Let f be j(6). List the prime factors of f/3 - 3/3.
2, 13
Let c = 0 + 3. Suppose -2*p + 15 + c = 0. What are the prime factors of p?
3
Let c(u) = u**2 + u - 1. Let s be c(1). What are the prime factors of (52 + (s - 2))/1?
3, 17
Let f(b) = -b**3 + 12*b**2 - 7*b - 2. Suppose -2*h = -2*g + 5*g - 23, -5*g = -4*h - 75. List the prime factors of f(g).
2, 3, 7
Let k(o) = 2*o + 2. Let g be k(12). Suppose -2*w + s + 33 = 0, -3*w + s + g = -24. What are the prime factors of w?
17
Let h(d) = d - 1. Let v(y) = -4*y**2 - 4*y + 3. Let q(t) = -4*h(t) - v(t). List the prime factors of q(3).
37
Let m(c) = 4*c**2 + c + 1. List the prime factors of m(3).
2, 5
Suppose j - 113 = -3*y, -y + j + 199 = 4*y. Suppose 0 = 5*o - 16 - y. Suppose -h + o = 2. List the prime factors of h.
3
Let m(q) be the second derivative of -q**3/6 + 17*q**2/2 + 2*q. List the prime factors of m(0).
17
Suppose 2*b - 9 = 1. Let c = -7 + 18. Suppose -b*g = -71 + c. What are the prime factors of g?
2, 3
Let g be (1 - -1)/((-10)/(-10)). Suppose 2*k = -d + g, -5*d + 1 = 4*k - 15. What are the prime factors of d?
2
Let l be 10/8 + 3/(-12). Let n be (-1 - 1)*(l - 4). Suppose 2*j + 5*i = 0, j - 1 - n = i. List the prime factors of j.
5
Suppose 0 = 2*d - d - 49. Let q = -22 + 27. Suppose -4*x - q = -d. List the prime factors of x.
11
Suppose -2*x = 5*d - 11, -5*d + 7 = 4*x - 0*x. Suppose -v - 64 = -3*v. Suppose b + d*b = v. What are the prime factors of b?
2
Suppose -t + 91 = 2*l, 1 - 226 = -5*l - 2*t. What are the prime factors of l?
43
List the prime factors of ((-6)/(-4))/((-1)/(-4))*22.
2, 3, 11
Suppose 3*n - 4*l - 14 = -0, -2*l = 2*n. Suppose 73 = 4*u - 3*a, -a - n*a + 39 = 3*u. List the prime factors of u.
2
Suppose 3*l + 15 = 0, j = -3*j + 4*l + 36. Suppose 0*z = -j*z + 72. What are the prime factors of z?
2, 3
Let o(k) = -k**2 - 9*k - 3. Suppose 3*m = -m - 8. Let r be (7/3)/(m/6). What are the prime factors of o(r)?
11
Suppose -2*x + 5*c + 231 = 0, 3*x + 2*c = -x + 474. List the prime factors of x.
2, 59
Let l be 1*7/((-2)/2). Let x = 14 + l. What are the prime factors of x?
7
Let i = -4 - -2. What are the prime factors of i/(-1 - -3)*-3?
3
List the prime factors of (7/(-14))/(2/(-104)).
2, 13
Let r(m) = -m**3 - 5*m**2 + m + 12. List the prime factors of r(-5).
7
Let w(x) = 11. Let y(a) = a + 34. Let s be 0 - ((-2)/(-1) + -4). Let b(q) = s*y(q) - 7*w(q). What are the prime factors of b(7)?
5
Let x = 18 + -8. Let a = -5 + x. Suppose 20 = -u + a*u. What are the prime factors of u?
5
Let c(f) = -33*f + 41. What are the prime factors of c(-7)?
2, 17
Let o(f) be the third derivative of 13/120*f**6 - 1/60*f**5 + 1/6*f**3 + 0 - f**2 + 0*f - 1/24*f**4. List the prime factors of o(1).
2, 3
Let h = -3 + 1. Let i(z) = z + 1. Let v be i(h). List the prime factors of 30/6 - v*3.
2
Let m = 66 + -47. Suppose 2*a - 5*n = 3*a - 27, -3*n + m = a. What are the prime factors of a?
7
Suppose 0 = -b - b + 8, b - 234 = -5*w. List the prime factors of w.
2, 23
Let n(y) = -y**3 - 6*y**2 + y + 6. Let s be n(-6). Let a(o) = o + 15. What are the prime factors of a(s)?
3, 5
Let b(m) = 2*m**2 - 42*m**3 + 1 - 5*m**2 + m**2 + 12*m**3. List the prime factors of b(-1).
29
List the prime factors of -1 - -2 - (-36)/3.
13
What are the prime factors of -4 - ((-4)/(-2) + -75)?
3, 23
Let v(r) = -r - r - 6*r + 2*r + 1. List the prime factors of v(-1).
7
Let v(z) = 23*z**2 + 4*z - 7. What are the prime factors of v(2)?
3, 31
Let a(m) = m**2 - 5*m - 4. Let f(i) = 2*i**2 + 4. Let r be f(3). Suppose -3*u + 3*l = 2*l - r, 2*u + 3*l = 0. What are the prime factors of a(u)?
2
Suppose 3*k = o - 22, -k + 6 = 3*o + 2*k. Let q = -2 + o. Suppose 3*r = -2*g + 19, 4*r - 5 - 18 = -q*g. What are the prime factors of r?
7
Suppose -59*g = -62*g + 756. List the prime factors of g.
2, 3, 7
Let o be (-72)/(-16)*8/(-6). Let b(l) = l**3 + 7*l**2 + 5*l + 2. What are the prime factors of b(o)?
2
Suppose -2*d - 22 = -2*u - d, 4 = 2*d. Suppose 4*o - c - 13 = 0, 3*o - c - 8 = -2*c. Suppose o*l - l = u. List the prime factors of l.
2, 3
Let p(g) = 9*g**2 - 8*g + 12. What are the prime factors of p(6)?
2, 3
Let l(h) = -2*h**3 - h**2 + 3*h + 2. Suppose -2*u + 12 = 5*b, u + 2*b = -0*u + 4. Let w be 1/u - (-7)/(-4). What are the prime factors of l(w)?
2
Suppose -b - 4*o = -229, 4*o - 431 - 248 = -3*b. What are the prime factors of b?
3, 5
Let b(l) = -2*l + l + l**2 + 4 - 9 - 3. Let s be b(6). What are the prime factors of s/10*(9 + -4)?
11
Let l = -99 - -177. List the prime factors of l.
2, 3, 13
Suppose g - n = 5*g - 7, -2*n = 2*g + 4. Suppose -2*b - g*z - 2 = -3*b, -3*b + z = -46. What are the prime factors of b?
17
Suppose -a = -c - 4*a + 3, a - 1 = 4*c. Suppose 3*o - 17 - 7 = c. List the prime factors of o.
2
Let f = -9 - -1. List the prime factors of (-4)/1*44/f.
2, 11
Suppose 3*z - 115 = -0*z + 5*d, 2*z = d + 79. What are the prime factors of z?
2, 5
Let v(j) = -j - 3. Let q be v(-3). Suppose 4*b - 20 = -q*b. Suppose -2*y + y = -b. List the prime factors of y.
5
Suppose 92 = f - 4*q, 4*f - 4*q = 9*f - 364. What are the prime factors of f?
2, 19
Suppose 2*u = 4 - 0. Suppose u*h = h + 7. Suppose -p + 2 + h = 0. List the prime factors of p.
3
Let p(c) = c**3 - 4*c**2 - c - 6. Let z(n) = -n**3 + 4*n**2 + 2*n + 6. Let l(u) = 3*p(u) + 4*z(u). List the prime factors of l(5).
2, 3
Let b = -5 - -1. What are the prime factors of (-2)/b*26 + 2?
3, 5
Suppose x + 4*u - 9 = 0, -5*x - u + 6*u - 30 = 0. Let p(w) = 4*w**2 + 4. Let v be p(x). Let z = v + -21. What are the prime factors of z?
19
Suppose 0 = -3*w + 2*w - 4*i + 200, -3*i = 9. List the prime factors of w.
2, 53
Let o = 24 - 15. Suppose -4*x - 39 = -4*b + o, 2*b = -x + 24. What are the prime factors of b?
2, 3
Let k(t) = 0*t**2 - 3*t**2 + 2*t**2 - 8*t + 10. List the prime factors of k(-7).
17
Let c be (-180)/(-27)*(-15)/2. What are the prime factors of (-184)/(-10) - 30/c?
19
Suppose 0 = 5*l - 98 - 2. List the prime factors of l.
2, 5
Let l(t) = t**3 + 6*t**2 + 8*t + 7. Let w be (-15)/(-12)*-2*2. Let r be l(w). Let z(h) = -h**3 - 7*h**2 + 5*h - 8. What are the prime factors of z(r)?
2
Suppose 0 = 2*q - 4*q + 40. What are the prime factors of q?
2, 5
Let a be (-5)/(-4) - (-3)/(-12). Let s(h) = 26*h**3 + h**2 - h. Let x be s(a). Suppose 0 = 3*t - 2*u - x, -3*t + 0*t = 5*u - 19. List the prime factors of t.
2
Suppose 2*p - 45 = 5*o, -3*p = -p + 4*o - 90. List the prime factors of p.
5, 7
Suppose 0*b + 12 = -3*b. What are the prime factors of (-36)/63*14/b?
2
What are the prime factors of (-2)/(-5) - (-16)/10?
2
Let f = -152 + 222. List the prime factors of f.
2, 5, 7
Let s(t) = -t**3 - 21*t**2 - 24*t - 21. What are the prime factors of s(-20)?
59
Suppose r = -0*j - 3*j + 41, -2*j = 4*r - 134. Suppose -3*l + 5*s + r = 0, -l + 0*l - 3*s = -6. List the prime factors of l.
3
Let o = 33 + -14. What are the prime factors of o?
19
Let q = -46 + 51. What are the prime factors of q?
5
What are the prime factors of (-3 + 33/9)*(-219)/(-2)?
73
Let h = 48 - 15. What are the prime factors of h?
3, 11
Let f = -98 - -121. List the prime factors of f.
23
Suppose -5*p = 20, -2*r + r - 7 = 2*p. Let u = -6 + r. Let x = 8 + u. List the prime factors of x.
3
Suppose -5*r + 4*g = 45, r - 5*g = 2*r + 38. Let d = -3 - r. What are the prime factors of d?
2, 5
Let p = -21 + 45. Suppose 29 = -4*d - 5*h, -4*d + 8*d + 4*h = -p. What are the prime factors of 6 - (3 - (d + 5))?
7
Suppose -2 + 6 = 4*l. List the prime factors of l/((2/(-1))/(-28)).
2, 7
Let m = -207 - -308. List the prime fac